3. Let f(p) = -p + 14. What are the prime factors of f(m)?
2, 7
Let o = 68 - 35. List the prime factors of o.
3, 11
Let j(z) = 2*z. Suppose -2*g = 2*g - 2*t - 2, -5*g - 4*t = -22. Let m be j(g). Suppose m*k = 5*h + 21 - 4, -2*k = h - 5. List the prime factors of k.
3
Let s(o) = 30*o - 35. List the prime factors of s(6).
5, 29
Suppose 20 + 1 = 4*n - 3*z, -3*n + z + 17 = 0. Let k be 4/(-6) + 4/n. Let i = 2 - k. What are the prime factors of i?
2
Suppose c - 1 = -0*c. List the prime factors of 6 + -9 + c + 37.
5, 7
Let q = 11 - 1. Suppose -3*f + q = 5*j, -2*j + 5 - 1 = 3*f. Suppose f = 2*c + i - 28, -5*c + 4*i - 7 = -51. What are the prime factors of c?
2, 3
What are the prime factors of (((-279)/3)/3)/((-3)/6)?
2, 31
Suppose -2*f = -3*d - 7, 1 = -5*f - 4. Let w = d - 0. Let s(j) = j**3 + 4*j**2 - j - 2. List the prime factors of s(w).
2, 5
Suppose -234 = -4*j + 2*k, -15 = -j + 4*k + 47. List the prime factors of j.
2, 29
Let i(g) be the first derivative of g**3/3 - 3*g**2/2 - 8*g - 7. List the prime factors of i(-4).
2, 5
Let p(o) = -o**3 - 4*o**2 - 2*o + 3. Let c be p(-3). Let h be -2 - (c + 1 - 41). Suppose -2*r - 3*r = -4*z - 68, h = 3*r - z. What are the prime factors of r?
2, 3
List the prime factors of 7/(-14)*(-7 - -1).
3
Let s = -8 + 13. Let z = -23 - -39. Let n = z - s. What are the prime factors of n?
11
Let x = 47 - 19. List the prime factors of x.
2, 7
Suppose -125 = -2*j - 3*j. What are the prime factors of j?
5
Let c = -28 + 28. Let d(y) = 4 + 0 + 2 + y. What are the prime factors of d(c)?
2, 3
Suppose -4*y - 18 = -6*y - 4*t, -2*y + 4*t = -2. Suppose 4*k = 8, 0 = -0*s - y*s - 2*k + 14. List the prime factors of s.
2
Suppose p = 23 + 5. What are the prime factors of p?
2, 7
Suppose 2 + 8 = 5*r. Suppose 0*f = r*f + 12. Let a(v) = v + 11. What are the prime factors of a(f)?
5
Let s(z) = z**3 + 5*z**2 + z + 6. Let p(h) = h - 11. Let o be p(7). What are the prime factors of s(o)?
2, 3
Let u(d) = 10*d + 9*d - 6*d - 1. What are the prime factors of u(4)?
3, 17
Let i(z) = 7*z**3 + z**2 + z - 1. Let x be i(2). Let n = 97 - x. What are the prime factors of n?
2, 3
Suppose 0 = -3*a - 3. Let r = a - -6. List the prime factors of r.
5
Let w = 38 + -23. What are the prime factors of w?
3, 5
Suppose 153 = -3*i + u, -i - u + 0*u - 47 = 0. Let p = -11 - i. What are the prime factors of p?
3, 13
Let w(y) = -y + 6. Let q be w(3). Let z be 0 + (q - (-2 + 2)). Suppose 3*l + z*m = 45, -3*m + 15 = l - 0*m. What are the prime factors of l?
3, 5
What are the prime factors of 9/(-15) + 286/10?
2, 7
Let u be -13*2 - -3 - -3. Let t = u - -34. List the prime factors of t.
2, 7
Suppose 0 = -3*k + 3*j - 1 + 13, -5*k = -2*j - 23. What are the prime factors of k?
5
Suppose 4*z - 1876 = -3*z. List the prime factors of z.
2, 67
Let r(n) = -n - 11. Let p be r(-11). Suppose -m - 3*s = -7 + 2, -2*m + 4*s + 30 = p. Suppose m + 13 = 2*c. List the prime factors of c.
2, 3
Let i(r) = -r**3 - 6*r**2 + 8*r + 10. Let z be i(-7). Suppose 3 + z = -s. Let y = s + 8. List the prime factors of y.
2
Let s = 41 - 25. Let a = s + -9. List the prime factors of a.
7
Let c(n) = n + 2. Let i be c(-4). Let o = -3 - i. List the prime factors of 6/(-3) + 14 + o.
11
Let q = 17 + -17. Suppose 3*j - 157 + 4 = q. List the prime factors of j.
3, 17
Let j be -1 - -2 - 2*-2. Suppose 4*w - 64 = -j*m, 5*w + 5*m = 129 - 49. What are the prime factors of w?
2
Let w be (-4)/(-6)*9/(-6). Let u be 6 + 2/4*-6. List the prime factors of 10 + w/1 + u.
2, 3
Let v(z) = -z**2 - 5*z - 6. Let q be v(-4). Let k be 3*-3 + q + 2. Let h = -1 - k. What are the prime factors of h?
2
Let c = 11 - 15. Let a = 0 - c. Suppose v + 5*y - 25 = -v, 7 = -v + a*y. List the prime factors of v.
5
Let x = 1 - 7. Let p(d) = -3*d - 2. List the prime factors of p(x).
2
Let z(k) = 3*k**2 - 20*k + 3. List the prime factors of z(8).
5, 7
Suppose -24 = -2*d + 5*i, 2*d + 0*i = 4*i + 20. Suppose y + d*y - 66 = 0. List the prime factors of y.
2, 11
Let j be -4 + 2 + 3 - -3. Suppose j*f = f + 69. What are the prime factors of f?
23
What are the prime factors of 0 - -2 - ((-249)/3 - 0)?
5, 17
Let a(m) be the third derivative of -m**5/120 + m**4/4 + m**3/6 + 3*m**2. Let n(y) be the first derivative of a(y). What are the prime factors of n(-5)?
11
What are the prime factors of 0 - 0 - 11/(88/(-2072))?
7, 37
Let o(s) = 13*s**2 + 3*s - 4. What are the prime factors of o(2)?
2, 3
Suppose -5*h + u = 19, h - 2*u + 2 = -0. List the prime factors of (-64)/(-10) - h/(-10).
2, 3
Let y(z) = -z**3 + 7*z**2 - 2*z + 4. What are the prime factors of y(6)?
2, 7
Let u(l) = 4*l - 2*l - 3 + 0*l + 4*l. Let r(o) = 9*o - 5. Let w(h) = -5*r(h) + 8*u(h). List the prime factors of w(4).
13
Suppose 6*m - m = 690. What are the prime factors of m?
2, 3, 23
Suppose -g + 91 = 72. List the prime factors of g.
19
Let v(k) = -11*k**3 + 12*k**2 + 6*k - 26. Let p(n) = -4*n**3 + 4*n**2 + 2*n - 9. Let m(g) = -8*p(g) + 3*v(g). List the prime factors of m(4).
2
Let v be (1 + -3)/((-4)/(-18)). Let l = 1 - v. What are the prime factors of l?
2, 5
Suppose 0 = -5*y + 3*t + 129, y = 4*y - 5*t - 71. List the prime factors of y.
3
List the prime factors of (7 - (-102)/(-30))/(2/115).
3, 23
Let p = 2 + 145. List the prime factors of p.
3, 7
Let q(s) = 152*s**3 + s**2 - 1. Let z be q(1). Suppose -5*b + z = 3*j, -5*b = -3*j - 2*j + 200. List the prime factors of j.
2, 11
Let l = -2 - -9. List the prime factors of l.
7
What are the prime factors of 23/4*224/8?
7, 23
Let y(c) = -4*c**2 - 2*c + 3. Let n(u) = u - 1. Let m(t) = -3*n(t) - y(t). Let g be m(1). List the prime factors of 128/12 + 1/g.
11
What are the prime factors of (5/(-2))/((-2)/100)?
5
Suppose -3*j - j = -2*h + 8, 0 = -4*j. Suppose h*q = 6*q - 36. What are the prime factors of q?
2, 3
Let d(y) = -y + 8. Suppose n - 9 = 21. Suppose -n = -10*j + 5*j. What are the prime factors of d(j)?
2
Suppose a - 3*h = 114, 3*h = a - 2*h - 112. List the prime factors of a.
3, 13
List the prime factors of (-1265)/(-20) + (-3)/(-4).
2
What are the prime factors of 4*6*3/4?
2, 3
Let g(i) = -i**3 + 6*i**2 + 9*i - 5. Let s be g(7). Let w = 2 + s. List the prime factors of w.
11
Let m(z) = 5 + 4 - 4 + 6*z + z**2. List the prime factors of m(-6).
5
List the prime factors of 111 - ((-80)/(-25) + 2/(-10)).
2, 3
Let c(u) = -2*u - 4*u + 3 - u**2 + 2. Suppose -3*o = -4*p + 7, 3*p + 7 - 1 = 0. What are the prime factors of c(o)?
2, 5
Let p = 422 - 207. What are the prime factors of p?
5, 43
Let q be (-10)/35 + (-142)/(-7). Suppose -q = -0*f - 5*f. Let x = 16 - f. What are the prime factors of x?
2, 3
Suppose 0 - 28 = -2*j. Suppose -2*t = -0*t - j. Let a(k) = -k**2 + 8*k + 1. What are the prime factors of a(t)?
2
List the prime factors of 4/(31 - -1) - (-1875)/40.
47
Let b(n) = -n**2 + n. Let y be b(1). Let j(f) be the second derivative of -f**3/6 + 5*f**2 + 5*f. List the prime factors of j(y).
2, 5
Let m be (-4)/(-18) - (-86)/18. Let q = -3 + m. Suppose 0 = -3*t + q + 4. List the prime factors of t.
2
Suppose 3*w + 9 = 3*g - 21, -3*g + 2*w = -26. List the prime factors of (-2)/g - 120/(-9).
13
Let m(d) = -d**2 - 11*d - 13. Let g = -25 - -17. List the prime factors of m(g).
11
Suppose 0 = -3*m - 2*g + 314, -4*m + 4*g + 299 = -113. What are the prime factors of m?
2, 13
Suppose 5*w + 2*h = 11, -3 - 5 = w - 3*h. Let m = 6 + w. Suppose -m*x = -4*x - 15. List the prime factors of x.
5
Suppose -40 - 32 = -2*r. What are the prime factors of r?
2, 3
Let h(c) = -c + 19. What are the prime factors of h(12)?
7
Suppose -111 = -3*t + 216. List the prime factors of t.
109
Suppose 5*k = 5*q, 5*q - 2*k - 4 = 2. What are the prime factors of (q + -8)*20/(-8)?
3, 5
Suppose -3*s - 2*k = 2*s - 21, 0 = -s + 4*k + 13. What are the prime factors of s?
5
Suppose -2*u = -0*u - 4. What are the prime factors of (15 + 2)/(u + -1)?
17
Let t = 568 + -205. List the prime factors of t.
3, 11
Suppose -w - 4*w = -10. Suppose -w*g = -3*g - 11. Let p = g - -26. List the prime factors of p.
3, 5
Let y(o) = o**2 - 7. List the prime factors of y(-3).
2
Suppose -2*g = -4*g + 32. What are the prime factors of g?
2
Suppose -4*t = t - 5. Suppose -f + 4 = -t. What are the prime factors of f?
5
Suppose -3*i - 3*a = 42, a = 3*i - 4*a + 2. What are the prime factors of -3*3/(-9) - i?
2, 5
Suppose -1